on divisor of c and 3.
1
Let i(w) = w**3 - w**2 - 3. Let r be i(4). What is the greatest common factor of 18 and r?
9
Let o(r) = 2*r**2 + 1. Let k be o(-4). Calculate the greatest common divisor of 3 and k.
3
Suppose -6*r - 2 = -4*r + 2*q, -6 = 3*q. Calculate the greatest common factor of r and 4.
1
Let y(a) = 12*a + 4. Let p be y(4). Suppose -l + p = o, 0 = l + o - 4*o - 64. What is the greatest common factor of l and 5?
5
Let g be (-1)/4 + (-8531)/(-76). What is the highest common divisor of g and 16?
16
Let i(n) = n**3 + 10*n**2 + n - 9. Let a be i(-9). What is the greatest common factor of 42 and a?
21
Suppose m + 0*m + 5*o - 34 = 0, -2*o = 2*m - 76. What is the highest common factor of m and 13?
13
Suppose -20 = c + 12. Let h be -1*(0 + 2) - c. What is the highest common divisor of h and 12?
6
Suppose 0 = -3*v + u + u + 402, -2*v + 284 = 4*u. Suppose -2*y + 3*c + 22 = 0, 5*y + 3*c + 0*c = 97. What is the greatest common factor of y and v?
17
Let f = -26 - -32. Suppose -4*w + 5 = 25, c = w + f. Suppose 22 + 5 = 3*j. Calculate the greatest common factor of c and j.
1
Let k be (3 + 13)*(-1)/(-2)*22. Calculate the greatest common divisor of k and 11.
11
Suppose d - 2*x = 273, -6*d + 3*d + 827 = 2*x. Suppose 3*f - 1067 = -d. What is the greatest common factor of 33 and f?
33
Suppose 8 = 2*c - s, 3*s = 2*s - 2. What is the highest common divisor of c and 2?
1
Let w = -13 - -11. Let h be 6*3*(-2)/9. Let s be (-14)/h + w/(-4). Calculate the greatest common divisor of 32 and s.
4
Suppose 33 = -i + 4*i. What is the highest common divisor of 121 and i?
11
Let r = 5 + 11. Suppose -s - 2*y - 2 = -5*s, 2*s + y = 7. Suppose -s*c - c + 48 = 0. What is the greatest common factor of c and r?
16
Let x be ((-5)/3 - -2)*12. Let t be 62/4*8/4. Suppose 3*w - t = -1. What is the greatest common divisor of w and x?
2
Suppose -5*l + 4*l + 2 = 0. Calculate the highest common factor of 8 and l.
2
Let p be 39 + (3 - 2 - 0). Let o(h) = 2*h**2 + 6*h + 4. Let d be o(-7). Calculate the highest common factor of p and d.
20
Let q(u) = 4*u - 102. Let o be q(30). Calculate the greatest common factor of o and 18.
18
Let n = 39 + -37. What is the greatest common divisor of n and 3?
1
Let j = 189 + -98. Suppose -4*r + 181 + j = 0. Calculate the greatest common factor of r and 17.
17
Let d(k) = 4 - 2*k**2 - 2 + 4*k**2 + 1. Let i be d(3). Calculate the highest common divisor of i and 7.
7
Let v(s) = s**2 - 1. Let p be v(2). Let w = p - -6. Calculate the highest common divisor of w and 3.
3
Let b be (2/2)/(2 - 1). Suppose n + 20 = 6*n. Suppose v + 3*v - n*m = 0, 0 = -3*v + 4*m - 1. Calculate the highest common divisor of v and b.
1
Suppose 5*n - 19 = 61. Let y = 8 + n. What is the highest common factor of 3 and y?
3
Let j = 11 - -4. What is the highest common factor of 45 and j?
15
Suppose -8*d = -240 + 16. Calculate the highest common factor of 42 and d.
14
Suppose -u = -3*u + 8. Suppose 3*g - g = d - 48, 24 = d + 4*g. Suppose 0*m = -u*m + d. What is the highest common divisor of m and 70?
10
Suppose 5*u = -z + 1252, -u + 6*u - 2*z - 1246 = 0. Let q = u - 162. What is the highest common divisor of q and 8?
8
Let b be 0*((-2)/(-2) + 0). Suppose 0 = -3*m - 4*n + 214 + 337, 3*m + 5*n - 547 = b. Calculate the highest common factor of 21 and m.
21
Suppose 0 = 4*v + 3*r - 116 - 63, 43 = v - r. Calculate the highest common factor of 11 and v.
11
Suppose -4*o + 9 = -31. Let i(m) = m**2 - 6*m. Let y be i(o). What is the highest common factor of y and 5?
5
Let z = -2 + 3. Let n(b) = 129*b**3 - b**2 - b + 1. Let w be n(z). Let l = -24 - -40. What is the greatest common factor of l and w?
16
Let m = 122 + -57. Calculate the highest common divisor of m and 13.
13
Let v be 6/4*-4*(-7)/42. Calculate the highest common factor of 16 and v.
1
Suppose -3*s = -s - 8, s = -c + 9. Calculate the greatest common divisor of 10 and c.
5
Let l = 10 + 17. Let o be l/45 + (-767)/(-5). Suppose r - t = 17 + 1, 0 = -5*r - 3*t + 58. What is the greatest common divisor of r and o?
14
Suppose 130 = -0*z + 5*z + 2*m, 2*z = m + 52. Calculate the greatest common divisor of 39 and z.
13
Suppose -5*u + 0*u = -30. Let w be 35/2*(u - 4). Calculate the highest common divisor of w and 5.
5
Let i be ((-1)/3)/(3/(-81)). Let w = i + 19. What is the greatest common factor of w and 42?
14
Suppose -10*o = -13*o + 6. What is the highest common divisor of o and 2?
2
Suppose -3*o - 7 + 49 = 0. Calculate the greatest common factor of 70 and o.
14
Suppose -2*l - 2*c + 31 - 1 = 0, -5*l - c + 71 = 0. Suppose 0*k + k = l. Let s = k - 4. Calculate the greatest common factor of 2 and s.
2
Let k = -7 + 11. Suppose 2*v + 19 = 5*m - 13, -k*v = -4*m + 16. Calculate the highest common factor of m and 4.
4
Suppose -4*c + 17 = -3. Suppose x = 2*y + c, 3 = 4*x + 3*y + 27. Let h be 11*(x - 14/(-2)). Calculate the greatest common factor of 11 and h.
11
Let h be (-1)/((-18)/15 - -1). Suppose -h*u + 42 = 3*o, 0 = -5*o + 11 + 9. What is the highest common divisor of 6 and u?
6
Let w = 91 - 52. Let u = 2 + -2. Suppose -2*n - 2*x - 18 = -50, u = 4*n - x - 49. What is the highest common factor of n and w?
13
Let h be (-12 + 11)/((-2)/46). Calculate the highest common divisor of h and 161.
23
Let o(x) = 2*x**2 + x - 7. Let s be o(-3). What is the greatest common factor of 16 and s?
8
Let q(r) = 4*r - 20. Let c be q(6). Calculate the greatest common divisor of c and 6.
2
Let f be (7 + 122/(-18))*9/1. What is the greatest common divisor of f and 16?
2
Let b = -25 + 47. What is the highest common factor of b and 66?
22
Suppose -2*d + 240 = 8*d. What is the greatest common factor of d and 12?
12
Let r(p) = p**2 - 5. Suppose -4*n = -n - 48. Suppose -5*t = -t - n. Let u be r(t). What is the greatest common divisor of 11 and u?
11
Let y be (8/16)/((-1)/(-16)). Let j be 14/1 + (y - 11). What is the greatest common divisor of j and 77?
11
Let k(y) = -2*y - 15. Let q be k(-10). What is the highest common divisor of 10 and q?
5
Let q be 2*12/8 + 114. Let z be 64/5 + 5/25. What is the highest common divisor of q and z?
13
Let y = 25 - 15. Let o be (-5)/(-10)*-1*0. Suppose -2*c = 5*x - 170, o = 3*c + 2*c - 2*x - 454. Calculate the highest common factor of c and y.
10
Suppose 0 = 5*f - 185 + 45. What is the greatest common factor of 7 and f?
7
Let n(a) = -a**3 + 5*a**2 + 2*a - 3. Let d be n(5). Suppose 2*z - d = 17. Let f be (3 - (1 - -4)) + 50. What is the greatest common divisor of f and z?
12
Let x be (60/(-75))/(2/(-20)). Calculate the greatest common divisor of x and 32.
8
Let k = 2 + 15. Suppose -5*v + k + 8 = 0. Suppose -2*m - 2*m = -8. Calculate the highest common factor of m and v.
1
Let w be (3 - 5)/(-1 + 0). Calculate the greatest common factor of w and 36.
2
Suppose -3*r - 16 = -r. Let h = -3 - r. Suppose w - 2*d - 4 = -h, 41 = 4*w + d. Calculate the greatest common divisor of w and 18.
9
Let z = 4 + 1. Suppose 0 = -t - 5*s - 20, 4*t + 4*s + 16 = -0*t. Suppose z*d - 6 - 4 = t. Calculate the greatest common factor of 8 and d.
2
Let m(r) = r**3 - r**2 + r - 2. Let u be m(2). Let p be ((-10)/8 - 3/(-12)) + 21. Let z = p - u. What is the greatest common factor of z and 2?
2
Let q(j) = -j**3 + 8*j**2 - 7*j + 14. Let c be q(7). Calculate the greatest common divisor of c and 42.
14
Let b be 1*(-6 - -3)*1*-9. What is the highest common factor of b and 3?
3
Let i(y) be the first derivative of -y**4/2 - y**3 + 7*y**2/2 + 1. Let o be i(-5). Let t = -63 + o. What is the greatest common factor of 11 and t?
11
Let k(x) = x**2 - 9*x + 8. Let a(y) = 2*y**2 - 18*y + 15. Let r(w) = -2*a(w) + 5*k(w). Let p be r(9). What is the highest common divisor of 50 and p?
10
Let h = 11 + -4. Suppose -3*g + u - 1 + h = 0, 2 = 5*g + u. Let o be (g - 1) + (-54)/(-1). What is the highest common factor of 6 and o?
6
Let m(s) = -2*s - 4. Let c be m(-6). Suppose 0*g + c = -4*g. Let v be g/(-5)*20*1. Calculate the greatest common factor of v and 1.
1
Suppose 0 = 4*o - h + 6 - 31, 4*o = 3*h + 19. Suppose -4*b + 3*b + o = 0. What is the greatest common divisor of b and 56?
7
Suppose 4*n - 10 = -n. What is the greatest common factor of n and 18?
2
Let v(n) = n**2 - 5*n + 4. Let g be v(5). Suppose -3*q - 2*l - 86 + 216 = 0, q - 4*l - 48 = 0. Calculate the greatest common factor of q and g.
4
